e highest common factor of t and 48?
12
Suppose x + 298 = 33*x - 1910. What is the highest common factor of 69 and x?
69
Suppose -36*q = -106*q + 1681050. Calculate the greatest common factor of q and 15.
15
Suppose 3*w + i - 840 - 1264 = 0, -i - 2824 = -4*w. Calculate the greatest common divisor of w and 11.
11
Suppose -28*r - 3*g - 217 = -32*r, 2*g + 14 = 0. Calculate the greatest common divisor of r and 41797.
49
Suppose 0 = -0*z + 4*z - 3*r - 372, -z + 82 = 2*r. Let a(i) = 6*i + 180. Let j be a(-27). What is the highest common divisor of z and j?
18
Suppose -8*b + 19326 = 7*b - 173094. Calculate the highest common factor of b and 12.
12
Let c be ((4 - -2) + -4)/(-3 - -1). Let j = 3 - c. Suppose 52 = j*b + 4*z, -b + 2 = -2*z - 2. Calculate the highest common divisor of b and 10.
10
Suppose -4*s + 3*s + 959 = -5*f, f - 4899 = -5*s. Suppose -16*p + s + 2333 = 0. Calculate the highest common factor of 46 and p.
23
Let c(f) = -3*f**3 + 149*f**2 - 90*f - 184. Let z be c(49). Calculate the greatest common divisor of 656 and z.
16
Suppose -5*b - 460 = 29*u - 31*u, -4*u = 2*b - 968. Calculate the greatest common divisor of u and 3760.
80
Let u be 39 - 0/(-1 + 2). Let g = -39 + u. Suppose g = 3*p + w - 87, -8 = 4*p - w - 131. What is the greatest common factor of p and 6?
6
Let a(h) = 3*h**3 - 3*h**2 - 4*h + 2. Let u be a(3). Suppose -51*w + 2617 - 2071 = -1137. What is the greatest common divisor of u and w?
11
Suppose 0 = -5*k - 5*a + 3980, -4*k - 1167 = -5*a - 4306. Calculate the greatest common factor of 14 and k.
7
Let t(f) = -109 + 31 - 13*f + 25 + 0*f. Let b be t(-13). What is the highest common factor of b and 4?
4
Suppose 5*i = -3*c + 7690, -3*i + 12830 = 5*c - 8*i. Calculate the highest common divisor of 405 and c.
135
Suppose 49 + 5 = 18*r. Suppose 0 = -r*v - v + 368. What is the greatest common divisor of 46 and v?
46
Let b = 466 - 359. Suppose b*i + 352 = 109*i. Let y = 65 - 43. What is the highest common factor of i and y?
22
Let f be ((-490)/(-196))/(5/138). Let i = -129 + 72. Let a = i + f. Calculate the highest common divisor of 18 and a.
6
Suppose 4*t - t = 3*h - 18, 0 = 4*h - 3*t - 25. Suppose 28 = -h*p + 238. Let l = 110 - 65. Calculate the highest common divisor of l and p.
15
Suppose -4*v - 420 = -2*z - 0*z, -426 = -2*z - 2*v. Suppose -228 = -4*m - 2*s, -2*m - 5*s + 136 + 10 = 0. Calculate the greatest common divisor of m and z.
53
Let q = 26461 + -26070. What is the greatest common factor of 17 and q?
17
Suppose 14*l + 0*l + 140 = 0. Let p be (l*4)/(-5*4/240). What is the greatest common divisor of 60 and p?
60
Let l = 3202 + -2515. What is the greatest common divisor of 4351 and l?
229
Suppose -1922 = -51*m + 220. Calculate the highest common factor of 112 and m.
14
Let z be (-27 + 9)/((-8)/4). Suppose -38 = 2*k - 380. Calculate the greatest common divisor of z and k.
9
Let x be 8/8*55/(-10)*-90. What is the highest common divisor of x and 18?
9
Let m = 1781 + -1765. Calculate the greatest common factor of m and 496.
16
Let x(p) = -54*p - 1065. Let f be x(-20). What is the highest common factor of f and 8115?
15
Let g be 36 - (-1 + -3) - (-32)/(-8). What is the highest common divisor of 432 and g?
36
Suppose 78*z - 64*z - 112 = 0. Let s be (-1 - 7)/((-7)/77). What is the highest common divisor of z and s?
8
Let n(h) = -25*h**3 - 2*h**3 - 51 + 26*h - 22*h**2 + 29*h**3. Let v be n(10). Suppose -4*j + 18 = -306. Calculate the highest common factor of j and v.
9
Let k be (54/72)/((-2)/312*-1). Suppose 0 = 5*a - k + 27. Suppose 8*y - 68 - 4 = 0. What is the greatest common factor of y and a?
9
Let s be 1216/(-13 - -15)*(-1)/((-8)/6). Calculate the greatest common factor of s and 48.
24
Let d = -1286 + 1377. What is the highest common factor of d and 247?
13
Let t be ((-2)/(-12))/(23/138) + 119. What is the highest common divisor of t and 552?
24
Let x = 130 - 125. Suppose 0 = x*f - 46 - 34. Suppose d - 1 = 1. What is the highest common factor of f and d?
2
Suppose d + 13 = 20, 2*m - 3261 = d. What is the greatest common factor of 76 and m?
38
Let c = 3252 + -2977. Calculate the greatest common factor of c and 594.
11
Suppose -10*o - 373 = 277. Let n be ((-2886)/o)/(3/20). What is the highest common factor of n and 8?
8
Let u = -36850 - -36866. What is the greatest common factor of u and 5096?
8
Let d(q) = -102*q - 7936. Let u be d(-78). Calculate the highest common divisor of u and 3535.
5
Let l be 9*(-2)/(-3) - 177*6/(-18). What is the highest common divisor of 1235 and l?
65
Let o(w) = 4*w**2 - 4*w - 4. Let d be o(-2). Calculate the greatest common factor of 50 and d.
10
Let s(x) = x**3 - 23*x**2 + 19*x + 53. Let z be s(23). Calculate the highest common factor of z and 1190.
70
Suppose -21*d = -2*y - 22*d + 3267, 6561 = 4*y - d. Calculate the greatest common divisor of y and 2331.
63
Suppose -h - 112 = -3*h. Let f be 28/3*(165/22)/5. Calculate the highest common factor of h and f.
14
Let s(k) = 3*k - 21 - 4*k + 4*k. Let u be s(7). Let a be (0 + -11 + u)*-19. What is the highest common factor of a and 19?
19
Let g = 2657 - 2597. Let r = 4 + -2. Let k be r + 7 + (-1)/(-1). Calculate the greatest common divisor of k and g.
10
Let n be 40 + -1 + -352 + 341. Calculate the greatest common divisor of n and 2972.
4
Let d be 20/8*(-284)/(-5). Calculate the greatest common divisor of 22081 and d.
71
Suppose -6*s + 228 = -432. Suppose 10*m + 40 = s. Suppose 0*h = -3*h + 3. What is the greatest common factor of h and m?
1
Suppose -192 = -0*x - 4*x. Let b = -9523 - -9643. Calculate the greatest common divisor of b and x.
24
Suppose -77 = -2*f - 3*d, -5*d + 6 = -19. Suppose 36*n - 913 - 11363 = 0. What is the greatest common factor of n and f?
31
Let t(l) = 214*l + 598. Let v be t(-2). What is the greatest common divisor of 1955 and v?
85
Suppose 0 = 2*q + q, -5*q - 5980 = -4*b - 624. Calculate the highest common divisor of b and 618.
103
Let p be 350/(-140)*22824/(-30). Calculate the greatest common divisor of 12 and p.
6
Suppose w + 0*w = 2 + 124. Let a be 970/8 - 3/12. Let p = w - a. Calculate the greatest common divisor of 80 and p.
5
Let j(l) be the second derivative of l**4/12 + 11*l**3/6 + 6*l**2 - 3*l. Let u be j(-15). What is the greatest common factor of u and 9?
9
Suppose -8*n = -4*k - 9*n - 17, 2*n = -4*k - 18. Let u(a) = 7*a**2 - 11*a + 8. Let j be u(k). What is the highest common factor of 41 and j?
41
Let r = 2 + 10. Let n(z) = 6*z**3 + 31*z**2 + 5*z + 4. Suppose 3*v - 8 = w + w, 16 = -4*w + v. Let t be n(w). Calculate the greatest common divisor of r and t.
12
Let s = -3887 - -25144. Calculate the highest common factor of s and 87.
29
Let r(n) = 95*n**2 + 17*n - 36. Let x be r(2). Let w be -6*(1 - (-36)/(-8)). What is the highest common factor of x and w?
21
Suppose s = 9*s - 8. Let z be -3 + ((3 + s)/2 - -6). Suppose -z*q + 29 = -66. What is the highest common factor of q and 152?
19
Suppose -103*d + 107*d - 3*h = 315, 3*h = -3*d + 252. Calculate the highest common divisor of 4455 and d.
81
Let a be 30/4 - 5/(-10). Let f be -7*(-27 - 0)*(a + -7). What is the greatest common divisor of 21 and f?
21
Suppose 4*q = -3*o + 24220, -14732 + 55045 = 5*o - q. Calculate the greatest common divisor of o and 160.
32
Let v(g) = 2*g**2 + 8*g + 30. Let j be v(6). Suppose j = 18*k + 60. Calculate the greatest common divisor of 5 and k.
5
Let t = -17451 + 17495. Suppose -h = -8 + 3. Suppose f + 2*s + 4 = 0, 0 = -0*f - 5*f - h*s. What is the greatest common factor of t and f?
4
Let z = -41 + 43. Suppose z*d + 2*s + 152 = 6*s, -4*d - s - 259 = 0. Let j = d - -68. Calculate the highest common divisor of j and 2.
2
Let q be 7 - (-325)/(-25)*(-1 - 0). What is the highest common factor of 1320 and q?
20
Suppose z + 23159 - 6932 = 3*c, 4*c - 21638 = z. Calculate the highest common divisor of c and 21.
7
Suppose -3*w = 15, -2*w - 458 = 4*y - 2*y. Let k = 237 + y. What is the highest common divisor of 78 and k?
13
Let j be 48/18 + (-6)/9. Let n = 2461 + -2447. What is the highest common divisor of n and j?
2
Let t be -6 + (-256)/(-44) + (33835/55 - 7). What is the greatest common divisor of 224 and t?
32
Let l be 10 + ((-744)/(-6) - 15). What is the greatest common factor of l and 306?
17
Let o(s) = 42*s + 278. Let v be o(-19). Let q = -395 - v. 